{"id":495,"date":"2016-07-23T02:05:50","date_gmt":"2016-07-23T00:05:50","guid":{"rendered":"http:\/\/www.fahrscheinfrei.de\/?page_id=495"},"modified":"2020-06-11T04:04:38","modified_gmt":"2020-06-11T02:04:38","slug":"verrueckte-idee-fahrscheinfrei","status":"publish","type":"page","link":"https:\/\/www.fahrscheinfrei.de\/","title":{"rendered":"Die moderne und fahrscheinfreie Verkehrswende"},"content":{"rendered":"<h2>Der konkrete Fahrplan bis 2025<\/h2>\n<p><strong>Unser Gesamtkonzept f\u00fcr einen Fahrplan zur modernen, smartgerechten Verkehrswende bis 2025!<\/strong><\/p>\n<div><a href=\"http:\/\/www.fahrscheinfrei.de\/wp-content\/uploads\/2017\/03\/bus-und-bahn-fahrscheinfrei_web-1.png\"><img loading=\"lazy\" decoding=\"async\" width=\"212\" height=\"300\" class=\"alignright size-medium wp-image-594\" style=\"border: 1px solid #000;\" alt=\"Cover\" src=\"http:\/\/www.fahrscheinfrei.de\/wp-content\/uploads\/2017\/03\/bus-und-bahn-fahrscheinfrei_web-1-212x300.png\" srcset=\"https:\/\/www.fahrscheinfrei.de\/wp-content\/uploads\/2017\/03\/bus-und-bahn-fahrscheinfrei_web-1-212x300.png 212w, https:\/\/www.fahrscheinfrei.de\/wp-content\/uploads\/2017\/03\/bus-und-bahn-fahrscheinfrei_web-1.png 595w\" sizes=\"auto, (max-width: 212px) 100vw, 212px\" \/><\/a><strong>Sammelband zum Download:<\/strong><\/p>\n<p>Der Sammelband mit Machbarkeitsstudie, Kommentar, Fahrplan zur Verkehrswende, HowTo und Faktencheck:<\/p>\n<ul>\n<li><a href=\"http:\/\/www.fahrscheinfrei.de\/wp-content\/uploads\/2017\/03\/bus-und-bahn-fahrscheinfrei_web.pdf\">Bus und Bahn #Fahrscheinfrei \u2013 Der Weg zur smartgerechten Verkehrswende<\/a> (PDF)<\/li>\n<\/ul>\n<\/div>\n<blockquote><p>Wir werden Bus und Bahn massiv ausbauen und f\u00fcr alle attraktiver und bequemer gestalten; f\u00fcr mehr Lebensqualit\u00e4t und Platz in den St\u00e4dten und eine echte Alternative auf dem Land. Der Tarifdschungel wird abgeschafft, der Nahverkehr wird fahrscheinfrei jederzeit f\u00fcr alle zug\u00e4nglich. Die Chancen der Digitalisierung werden f\u00fcr eine smartgerechte Verkehrswende genutzt, damit NRW nicht im Stau erstickt.<\/p><\/blockquote>\n<hr>\n<p><strong>Der Fahrscheinfrei-Faktencheck:<\/strong><\/p>\n<ul>\n<li><a href=\"http:\/\/www.fahrscheinfrei.de\/?page_id=609\">Fahrscheinfrei Faktencheck I \u2013 Pro und Contra<\/a><\/li>\n<li><a href=\"http:\/\/www.fahrscheinfrei.de\/?page_id=611\">Fahrscheinfrei Faktencheck II \u2013 24 Vorurteile, 24 kurze Antworten<\/a><\/li>\n<\/ul>\n<hr>\n<div><a href=\"http:\/\/www.fahrscheinfrei.de\/wp-content\/uploads\/2019\/09\/Machbarkeitsstudie_fahrscheinlos_Piratenfraktion-Berlin.jpg\"><img loading=\"lazy\" decoding=\"async\" width=\"212\" height=\"300\" class=\"wp-image-660 size-full alignright\" style=\"border: 1px solid #000;\" alt=\"\" src=\"http:\/\/www.fahrscheinfrei.de\/wp-content\/uploads\/2019\/09\/Machbarkeitsstudie_fahrscheinlos_Piratenfraktion-Berlin.jpg\"><\/a><\/div>\n<div><strong>Fahrscheinlos: Grundlagen- und Machbarkeitsstudie Fahrscheinloser \u00d6PNV in Berlin<\/strong><\/div>\n<div><\/div>\n<div>Die umfangreiche Studie des Hamburg Instituts f\u00fcr die Berliner Piratenfraktion enth\u00e4lt detailliertere Berechnungen und erschien im Jahr 2015.<\/div>\n<div><\/div>\n<div>Download der Studie mit Vorwort:<\/div>\n<div><\/div>\n<div>\n<ul>\n<li><a href=\"http:\/\/www.fahrscheinfrei.de\/wp-content\/uploads\/2019\/09\/Machbarkeitsstudie_fahrscheinlos_Piratenfraktion.pdf\">&#8222;Grundlagen- und Machbarkeitsstudie Fahrscheinloser \u00d6PNV in Berlin&#8220; (Hamburg Institut, Endbericht f\u00fcr die Piratenfraktion im Berliner Abgeordnetenhaus)<\/a> (PDF)<\/li>\n<\/ul>\n<\/div>\n<hr>\n<div style=\"background-color: #eee; border: 1px solid #f90; padding: 1em;\"><strong>Wichtige Elemente<\/strong> der Arbeit der Piratenfraktion im <strong>Landtag NRW<\/strong> waren die <strong>Enquetekommission &#8222;Finanzierung, Innovation und Nutzung des \u00d6ffentlichen Personenverkehrs&#8220;<\/strong>, der Kompetenzaufbau \u00fcber f\u00fcnf Jahre mit vielen parlamentarischen Initiativen und Veranstaltungen sowie die <strong>Machbarkeitsstudie &#8222;Bus und Bahn #fahrscheinfrei NRW&#8220;<\/strong>, die die Fraktion am 30. Januar 2017 ver\u00f6ffentlicht hat \u2013 mit den Beispielst\u00e4dten Wuppertal, Bad Salzuflen und dem Kreis Recklinghausen.<\/div>\n<hr>\n<p><strong>Mehr von der Piratenfraktion im Landtag NRW zum Thema:<\/strong><\/p>\n<ul>\n<li><a href=\"https:\/\/fraktion2012.piratenpartei-nrw.de\/tag\/oliver-bayer\/\">Meldungen der Piratenfraktion im Landtag NRW bis 2017<\/a><\/li>\n<li><a href=\"https:\/\/fraktion2012.piratenpartei-nrw.de\/tag\/fahrscheinfrei\/\">Weitere Meldungen der Fraktion mit dem Hashtag Fahrscheinfrei<\/a><\/li>\n<li><a href=\"https:\/\/www.youtube.com\/playlist?list=PLQ5csUOL2W3_kXGbR9pyo2sMz2KHHD06x\">YouTube-Playlist: 24 Vorurteile \u00fcber Bus und Bahn Fahrscheinfrei im Faktencheck \u2013 Videos von jeweils 30-40 Sekunden L\u00e4nge<\/a><\/li>\n<\/ul>\n<p><strong>Zur Enquete-Kommission &#8222;Finanzierung, Innovation und Nutzung des \u00d6ffentlichen Personenverkehrs&#8220; des Landtags NRW<\/strong><\/p>\n<ul>\n<li><a href=\"https:\/\/www.landtag.nrw.de\/files\/live\/sites\/landtag\/files\/WWW\/I.A.1\/EK\/16.WP\/EK_IV\/2017-01-24_-_Landtag_Bericht_IV_FINOPV_interaktiv.pdf\">Ver\u00f6ffentlichung<\/a><\/li>\n<li><a href=\"https:\/\/www.landtag.nrw.de\/portal\/WWW\/dokumentenarchiv\/Dokument\/MMD16-13950.pdf\">Abschlussbericht der Enquetekommission<\/a><\/li>\n<li><a href=\"https:\/\/www.landtag.nrw.de\/portal\/WWW\/GB_I\/I.1\/EK\/16.WP\/EK_IV\/Sonstige_Unterlagen.jsp\">Gutachten der Kommission<\/a> <i>(Aktuell nicht erreichbar)<\/i><\/li>\n<li><a href=\"https:\/\/www.landtag.nrw.de\/portal\/WWW\/GB_I\/I.1\/EK\/16.WP\/EK_IV\/Aktuelles.jsp\">Berichte, Vortragsfolien, Gutachten, Inhalte<\/a> <i>(Aktuell nicht erreichbar)<\/i><\/li>\n<li><a href=\"https:\/\/www.landtag.nrw.de\/portal\/WWW\/dokumentenarchiv\/Dokument\/MMD16-5959.pdf\">Einsetzungs-Antrag der Fraktion der PIRATEN (Sommer 2014)<\/a><\/li>\n<\/ul>\n<hr>\n<p><strong>Wie geht es weiter? Konkrete Schritte auf Landesebene bis 2025<\/strong><\/p>\n<ul>\n<li><a href=\"https:\/\/www.landtag.nrw.de\/portal\/WWW\/dokumentenarchiv\/Dokument\/MMD16-14383.pdf\">Bus und Bahn fahrscheinfrei \u2013 Modellprojekt zum B\u00fcrgerticket durchf\u00fchren!<\/a><\/li>\n<\/ul>\n<blockquote><p>Umweltzonen, Feinstaubalarme und Einfahrverbote f\u00fcr Dieselfahrzeuge gef\u00e4hrden die Mobilit\u00e4t der Bev\u00f6lkerung. Um einen Stillstand zu vermeiden, bedarf es einer zuverl\u00e4ssigen Mobilit\u00e4tsalternative. Der \u00f6ffentliche Personennahverkehr (\u00d6PNV) \u00fcbernimmt hier die Schl\u00fcsselposition. [..] Die gesellschaftlichen, technischen und \u00f6konomischen Herausforderungen an den \u00d6PNV setzen eine entsprechende Innovationskraft der Nahverkehrsbranche voraus. Zudem sind neue \u2013 auch unkonventionelle \u2013 Formen der Nahverkehrsfinanzierung notwendig, um eine Unabh\u00e4ngigkeit von Bundes- und Landesmitteln einerseits sowie eine Begrenzung des Tarifniveaus andererseits zu erreichen. Das in vielen NRW-Kommunen und anderen Bundesl\u00e4ndern diskutierte Finanzierungsmodell eines kommunalen, zweckgebundenen \u00d6PNV-Beitrages (B\u00fcrgerticket) ist ein innovatives Finanzierungsinstrument, f\u00fcr das in einem Modellprojekt umfassende Erfahrungswerte gesammelt werden m\u00fcssen. [..] Die n\u00e4chsten Schritte:<\/p><\/blockquote>\n<p><strong>Relevante Antr\u00e4ge im Landtag NRW<\/strong><\/p>\n<ul>\n<li><a href=\"https:\/\/www.landtag.nrw.de\/portal\/WWW\/dokumentenarchiv\/Dokument\/MMD16-14383.pdf\">Bus und Bahn fahrscheinfrei \u2013 Modellprojekt zum B\u00fcrgerticket durchf\u00fchren!<\/a><\/li>\n<li><a href=\"https:\/\/www.landtag.nrw.de\/portal\/WWW\/dokumentenarchiv\/Dokument\/MMD16-14166.pdf\">Vernachl\u00e4ssigte Stadtbahn-Infrastruktur sanieren; \u00d6PNV von finanziellen Altlasten befreien.<\/a><\/li>\n<li><a href=\"https:\/\/www.landtag.nrw.de\/portal\/WWW\/dokumentenarchiv\/Dokument\/MMD16-14167.pdf\">Bus und Bahn attraktiver machen; kommunale Finanzierungsinstrumente f\u00fcr den \u00d6PNV erm\u00f6glichen.<\/a><\/li>\n<li><a href=\"https:\/\/www.landtag.nrw.de\/portal\/WWW\/dokumentenarchiv\/Dokument\/MMD16-13028.pdf\">Digitale Verkehrswende in NRW durch den Kauf von 100.000 Fahrerlosen Fahrzeugen f\u00fcr den \u00f6ffentlichen Nahverkehr einleiten<\/a><\/li>\n<li><a href=\"https:\/\/www.landtag.nrw.de\/portal\/WWW\/dokumentenarchiv\/Dokument\/MMD16-11416.pdf\">15.000 Tote pro Jahr in NRW durch Luftverschmutzung \u2013 NRW braucht Ziele f\u00fcr den Schutz von Gesundheit und Leben: Emissionsfreier Verkehr in unseren St\u00e4dten.<\/a><\/li>\n<li><a href=\"https:\/\/www.landtag.nrw.de\/portal\/WWW\/dokumentenarchiv\/Dokument\/MMD16-10059.pdf\">Schluss mit dem Betrug bei Verbrauchs- und Emissionswerten von Kraftfahrzeugen \u2013 Potenziale f\u00fcr den Verkehr von morgen mobilisieren<\/a><\/li>\n<\/ul>\n<hr>\n<p><strong>Weitere Literaturempfehlungen<\/strong><\/p>\n<ul>\n<li><a href=\"https:\/\/epub.wupperinst.org\/frontdoor\/index\/index\/docId\/6751\">Das B\u00fcrgerticket f\u00fcr den \u00f6ffentlichen Personennahverkehr: Nutzen, Kosten, Klimaschutz<\/a> Dissertation von Gregor Waluga<\/li>\n<li><a href=\"https:\/\/vm.baden-wuerttemberg.de\/de\/politik-zukunft\/verkehrsinfrastruktur\/konzepte-zur-finanzierung\/\">Grundlagenuntersuchung \u201eInstrumente zur Drittnutzerfinanzierung f\u00fcr den \u00d6PNV in Baden-W\u00fcrttemberg\u201c<\/a> Studie f\u00fcr das BW-Verkehrsministerium (mit B\u00fcrgerticket)<\/li>\n<li><a href=\"https:\/\/www.plan-b-mitmachen.de\/wp-content\/uploads\/2013\/06\/150521-plan-b-a5-mobil-web.pdf\">Nulltarif im \u00f6ffentlichen Nahverkehr, Publikation der Fraktion DIE LINKE im Bundestag<\/a><\/li>\n<\/ul>\n<hr>\n<p><strong>Aus dem Wahlkampf 2017<\/strong><\/p>\n<ul>\n<li><a href=\"http:\/\/www.fahrscheinfrei.de\/?page_id=622\">Vergleich: Fahrscheinfrei vs 2-EURO-Ticket der Gr\u00fcnen<\/a><\/li>\n<\/ul>\n<hr>\n<h2>Verr\u00fcckte Idee: Fahrscheinfrei: Was ist das?<\/h2>\n<p><a href=\"http:\/\/www.fahrscheinfrei.de\/wp-content\/uploads\/2016\/07\/rattikarl.jpg\"><img loading=\"lazy\" decoding=\"async\" width=\"225\" height=\"300\" class=\"size-medium wp-image-498 alignright\" alt=\"Don't pok\u00e9 and drive! Ride! Wer einfach Bus und Bahn fahren kann, kann auch einfach mal.. ein bisschen spielen.\" src=\"http:\/\/www.fahrscheinfrei.de\/wp-content\/uploads\/2016\/07\/rattikarl-225x300.jpg\" srcset=\"https:\/\/www.fahrscheinfrei.de\/wp-content\/uploads\/2016\/07\/rattikarl-225x300.jpg 225w, https:\/\/www.fahrscheinfrei.de\/wp-content\/uploads\/2016\/07\/rattikarl-768x1024.jpg 768w, https:\/\/www.fahrscheinfrei.de\/wp-content\/uploads\/2016\/07\/rattikarl.jpg 1800w\" sizes=\"auto, (max-width: 225px) 100vw, 225px\" \/><\/a><br \/>\n<strong>Freiheit. Fortschritt. F\u00fcr alle.<br \/>\n#Fahrscheinfrei raus aus dem Tarifdschungel.<\/strong><\/p>\n<blockquote><p>Das Tarifsystem ist einfach verr\u00fcckt.<br \/>\nUnd wir machen es verr\u00fcckt einfach.<\/p><\/blockquote>\n<p><strong>#Fahrscheinfrei hei\u00dft:<br \/>\n<\/strong>Bus und Bahn nutzen, ohne ein Ticket f\u00fcr eine Strecke oder einen Zeitraum l\u00f6sen zu m\u00fcssen.<\/p>\n<p><strong>#Fahrscheinfrei bringt:<\/strong><\/p>\n<ul>\n<li>Freiheit f\u00fcr alle: der Tarifdschungel entf\u00e4llt<\/li>\n<li>solidarisch finanzierten Zugang f\u00fcr alle<\/li>\n<li>eine solide Finanzierung unserer Infrastruktur<\/li>\n<li>eine Erweiterung des Bus- und Bahnangebots<\/li>\n<\/ul>\n<p><strong>#Fahrscheinfrei&nbsp;wird finanziert durch:<\/strong><\/p>\n<ul>\n<li>mehr Fahrg\u00e4ste, also eine h\u00f6here Nachfrage, die die Preise f\u00fcr alle sinken l\u00e4sst<\/li>\n<li>eine Umstellung auf B\u00fcrgerbeitr\u00e4ge \u2013 weg von Ticketverk\u00e4ufen<\/li>\n<li>Sponsoring<\/li>\n<li>Zusatzeinnahmen durch Veranstalter, Arbeitgeber bzw. Nahverkehrsabgaben<\/li>\n<li>Hotels und \u00dcbernachtungen von G\u00e4sten<\/li>\n<li>lokal angepasste Erh\u00f6hungen der Parkgeb\u00fchren<\/li>\n<li>eine Einbindung der Pendlerpauschale<\/li>\n<li>Kinder und Jugendliche fahren dabei kostenfrei<\/li>\n<\/ul>\n<p>[<a href=\"http:\/\/www.fahrscheinfrei.de\/?page_id=500\">weitere Infos<\/a>]<\/p>\n<h3>Die Machbarkeitsstudie<\/h3>\n<p>Die Piratenfraktion will <a href=\"http:\/\/www.fahrscheinfrei.de\/?page_id=472\">mit einer Studie<\/a> zeigen, dass das freie Fahren ohne Fahrschein in Bus und Bahn, finanziert durch eine Umlage und neue, kommunale Finanzierungsinstrumente, nicht nur theoretisch funktioniert, sondern auch klar und einfach \u201evor Ort\u201c umsetzbar ist.<\/p>\n<p>Bis November 2016 wird anhand der Beispiele Bad Salzuflen, <a href=\"http:\/\/www.fahrscheinfrei.de\/?page_id=445\">N\u00f6rdliches Ruhrgebiet<\/a> (Kreis Recklinghausen) und <a href=\"http:\/\/www.fahrscheinfrei.de\/?page_id=457\">Wuppertal<\/a>&nbsp;erarbeitet, welche Umsetzungsschritte in einer Gemeinde ganz konkret notwendig sind, um dort langfristig Bus und Bahn #fahrscheinfrei einzuf\u00fchren.<br \/>\nAuch in anderen St\u00e4dten NRWs arbeiten Piraten und Initiativen an der Frage der konkreten Umsetzung.<\/p>\n","protected":false},"excerpt":{"rendered":"<p>Der konkrete Fahrplan bis 2025 Unser Gesamtkonzept f\u00fcr einen Fahrplan zur modernen, smartgerechten Verkehrswende bis 2025! Sammelband zum Download: Der Sammelband mit Machbarkeitsstudie, Kommentar, Fahrplan zur Verkehrswende, HowTo und Faktencheck: Bus und Bahn #Fahrscheinfrei \u2013 Der Weg zur smartgerechten Verkehrswende (PDF) Wir werden Bus und Bahn massiv ausbauen und f\u00fcr alle attraktiver und bequemer gestalten;<\/p>\n<div class=\"moretag-wrap\"><a class=\"moretag btn btn-info\" href=\"https:\/\/www.fahrscheinfrei.de\/\">Weiterlesen<\/a><\/div>\n","protected":false},"author":3,"featured_media":0,"parent":0,"menu_order":0,"comment_status":"closed","ping_status":"closed","template":"","meta":{"footnotes":""},"class_list":["post-495","page","type-page","status-publish","hentry"],"_links":{"self":[{"href":"https:\/\/www.fahrscheinfrei.de\/index.php?rest_route=\/wp\/v2\/pages\/495","targetHints":{"allow":["GET"]}}],"collection":[{"href":"https:\/\/www.fahrscheinfrei.de\/index.php?rest_route=\/wp\/v2\/pages"}],"about":[{"href":"https:\/\/www.fahrscheinfrei.de\/index.php?rest_route=\/wp\/v2\/types\/page"}],"author":[{"embeddable":true,"href":"https:\/\/www.fahrscheinfrei.de\/index.php?rest_route=\/wp\/v2\/users\/3"}],"replies":[{"embeddable":true,"href":"https:\/\/www.fahrscheinfrei.de\/index.php?rest_route=%2Fwp%2Fv2%2Fcomments&post=495"}],"version-history":[{"count":50,"href":"https:\/\/www.fahrscheinfrei.de\/index.php?rest_route=\/wp\/v2\/pages\/495\/revisions"}],"predecessor-version":[{"id":673,"href":"https:\/\/www.fahrscheinfrei.de\/index.php?rest_route=\/wp\/v2\/pages\/495\/revisions\/673"}],"wp:attachment":[{"href":"https:\/\/www.fahrscheinfrei.de\/index.php?rest_route=%2Fwp%2Fv2%2Fmedia&parent=495"}],"curies":[{"name":"wp","href":"https:\/\/api.w.org\/{rel}","templated":true}]}}