{"id":500,"date":"2016-07-23T02:19:28","date_gmt":"2016-07-23T00:19:28","guid":{"rendered":"http:\/\/www.fahrscheinfrei.de\/?page_id=500"},"modified":"2016-07-23T02:19:28","modified_gmt":"2016-07-23T00:19:28","slug":"details","status":"publish","type":"page","link":"http:\/\/www.fahrscheinfrei.de\/?page_id=500","title":{"rendered":"Details"},"content":{"rendered":"<p><strong>Bus und Bahn #fahrscheinfrei<\/strong><br \/>\n<strong>Was steckt dahinter?<\/strong><\/p>\n<p>Fahrscheinfreiheit ist eine gute Idee, um mehr Menschen f\u00fcr Bus und Bahn zu begeistern.<br \/>\nWir verlieren im heutigen Nahverkehr am Ticketschalter und am Automaten viel Zeit. Das Tarifsystem ist oft verdammt kompliziert. Wir brauchen neue und kreative L\u00f6sungen. Mit der gr\u00f6\u00dften Tarifinnovation aller Zeiten l\u00f6sen wir endlich diese Probleme:<br \/>\nWir schaffen einfach die Tickets ab!<\/p>\n<p><strong>#fahrscheinfrei hei\u00dft frustfrei<\/strong><\/p>\n<p>Bus und Bahn #fahrscheinfrei macht die absurd komplizierte Auswahl des richtigen Tickets \u00fcberfl\u00fcssig. Die Sorgen um die G\u00fcltigkeit des eigenen Tickets sind vorbei:<br \/>\nKeine Tickets &gt; kein \u201ehabe mein Ticket vergessen\u201c!<br \/>\nKeine Tickets &gt; keine Kontrollen!<br \/>\nKeine Tickets &gt; kein Schwarzfahren!<br \/>\n<strong>#fahrscheinfrei hei\u00dft sorgenfrei<\/strong><br \/>\nZus\u00e4tzliche Fahrg\u00e4ste rechtfertigen ein dichtes Verkehrsnetz, mehr Fahrzeuge und zus\u00e4tzliche Umsteigepunkte f\u00fcr mehr Flexibilit\u00e4t.<br \/>\n<strong>#fahrscheinfrei hei\u00dft barrierefrei<\/strong><br \/>\nDie Fahrzeugflotte wird moderner und zuverl\u00e4ssiger.<br \/>\n<strong>#fahrscheinfrei hei\u00dft st\u00f6rungsfrei<\/strong><br \/>\nDas hochwertige Angebot macht Bus und Bahn f\u00fcr alle Fahrg\u00e4ste \u2013 bisherige wie neue \u2013 attraktiver.<\/p>\n<p><strong>Die Chancen<\/strong><\/p>\n<ul>\n<li>Einfach einsteigen und losfahren<\/li>\n<li>Einfacherer Zugang schafft hohe Attraktivit\u00e4t<\/li>\n<li>Zugangsbarriere der Ticketwahl entf\u00e4llt.<\/li>\n<li>Gleichberechtigte Mobilit\u00e4t f\u00fcr alle.<\/li>\n<\/ul>\n<p>#fahrscheinfrei hei\u00dft stressfrei<\/p>\n<p><strong>Umweltgedanke praktisch umgesetzt<\/strong><br \/>\nWeniger Emissionen, weniger Fl\u00e4chenverbrauch<br \/>\nBus und Bahn produzieren weniger Emissionen pro Personenkilometer als ein Pkw. Das hat einen unmittelbaren Einfluss auf die Luftqualit\u00e4t.<br \/>\nWeniger Fahrzeuge auf der Stra\u00dfe und in Parkzonen bedeuten, dass mehr Platz f\u00fcr Fu\u00df- oder Fahrradwege und f\u00fcr das Leben vorhanden ist. Das bringt in den St\u00e4dten mehr Lebensqualit\u00e4t f\u00fcr alle Menschen.<br \/>\n#fahrscheinfrei hei\u00dft schadstofffrei<\/p>\n<p>Mehr Bus und Bahn hilft uns allen<br \/>\nMehr Verkehrssicherheit, weniger Staus<br \/>\nDurch Bus und Bahn #fahrscheinfrei verlagert sich der Verkehr freiwillig. Autofahrende fahren Auto, wenn sie m\u00f6gen, nicht m\u00fcssen. F\u00fcr alle steht eine Alternative und ein zus\u00e4tzliches Angebot bereit. Sobald die Ersten das Fahrzeug auch mal stehenlassen, verbessert sich schnell die Stauproblematik im gesamten Verkehrssystem.<br \/>\n#fahrscheinfrei hei\u00dft staufrei<br \/>\nDurch weniger dichten Verkehr sinkt das Unfallrisiko deutlich.<br \/>\n#fahrscheinfrei hei\u00dft unfallfrei<br \/>\nF\u00fcr die Fahrg\u00e4ste von Bus und Bahn sowieso.<\/p>\n<p><strong>Die Finanzierung<\/strong><br \/>\n#fahrscheinfrei ist nicht kostenfrei<br \/>\nFinanziert wird die Idee durch B\u00fcrgerbeitr\u00e4ge. Die Beitragsh\u00f6he variiert mit verschiedenem Leistungsumfang, der Anzahl der Zahlenden sowie der Kombination mit weiteren Finanzierungselementen je nach Situation vor Ort. Eine Reihe von Kostenprognosen zeigen wir unter www.fahrscheinfrei.de.<br \/>\nAlle finanzieren so gemeinsam \u2013 solidarisch \u2013 den Verkehr der Zukunft und sparen im Vergleich zu heute viel Geld. Einige Haushalte schaffen vielleicht einen Pkw ab und sparen pers\u00f6nlich noch mehr.<br \/>\nWas steckt noch dahinter?<br \/>\nPositive Folgen einer Verlagerung auf Bus und Bahn<br \/>\nSt\u00e4dte gewinnen an Lebensqualit\u00e4t und werden attraktiver f\u00fcr Unternehmen sowie Besuchende.<br \/>\nHaushalte k\u00f6nnten einen Pkw abschaffen und so auch eigene Kosten sparen.<br \/>\nFolgekosten durch Gesundheitssch\u00e4den sinken.<br \/>\nEinhaltung gesetzlicher Emissionsgrenzwerte.<\/p>\n<p>Aber&#8230;?<br \/>\n\u201eNiedrige Preise f\u00f6rdern doch den Vandalismus!\u201d<br \/>\nEinen Zusammenhang kann die Wissenschaft nicht nachweisen. Tallinn beweist das Gegenteil.<br \/>\n\u201eSpa\u00dffahrten f\u00fchren bei einer Flat zu mehr Verkehr.\u201d<br \/>\nAuch Menschen mit einer Monatskarte fahren selten sinnlos im Kreis herum.<\/p>\n","protected":false},"excerpt":{"rendered":"<p>Bus und Bahn #fahrscheinfrei Was steckt dahinter? Fahrscheinfreiheit ist eine gute Idee, um mehr Menschen f\u00fcr Bus und Bahn zu begeistern. Wir verlieren im heutigen Nahverkehr am Ticketschalter und am Automaten viel Zeit. Das Tarifsystem ist oft verdammt kompliziert. Wir brauchen neue und kreative L\u00f6sungen. Mit der gr\u00f6\u00dften Tarifinnovation aller Zeiten l\u00f6sen wir endlich diese<\/p>\n<div class=\"moretag-wrap\"><a class=\"moretag btn btn-info\" href=\"http:\/\/www.fahrscheinfrei.de\/?page_id=500\">Weiterlesen<\/a><\/div>\n","protected":false},"author":3,"featured_media":0,"parent":0,"menu_order":0,"comment_status":"closed","ping_status":"closed","template":"","meta":{"footnotes":""},"class_list":["post-500","page","type-page","status-publish","hentry"],"_links":{"self":[{"href":"http:\/\/www.fahrscheinfrei.de\/index.php?rest_route=\/wp\/v2\/pages\/500","targetHints":{"allow":["GET"]}}],"collection":[{"href":"http:\/\/www.fahrscheinfrei.de\/index.php?rest_route=\/wp\/v2\/pages"}],"about":[{"href":"http:\/\/www.fahrscheinfrei.de\/index.php?rest_route=\/wp\/v2\/types\/page"}],"author":[{"embeddable":true,"href":"http:\/\/www.fahrscheinfrei.de\/index.php?rest_route=\/wp\/v2\/users\/3"}],"replies":[{"embeddable":true,"href":"http:\/\/www.fahrscheinfrei.de\/index.php?rest_route=%2Fwp%2Fv2%2Fcomments&post=500"}],"version-history":[{"count":1,"href":"http:\/\/www.fahrscheinfrei.de\/index.php?rest_route=\/wp\/v2\/pages\/500\/revisions"}],"predecessor-version":[{"id":501,"href":"http:\/\/www.fahrscheinfrei.de\/index.php?rest_route=\/wp\/v2\/pages\/500\/revisions\/501"}],"wp:attachment":[{"href":"http:\/\/www.fahrscheinfrei.de\/index.php?rest_route=%2Fwp%2Fv2%2Fmedia&parent=500"}],"curies":[{"name":"wp","href":"https:\/\/api.w.org\/{rel}","templated":true}]}}