{"id":436,"date":"2016-05-17T06:02:59","date_gmt":"2016-05-17T04:02:59","guid":{"rendered":"http:\/\/www.verkehrswendekonferenz.de\/?page_id=436"},"modified":"2016-05-17T06:40:46","modified_gmt":"2016-05-17T04:40:46","slug":"hochsauerlandkreis","status":"publish","type":"page","link":"http:\/\/www.fahrscheinfrei.de\/?page_id=436","title":{"rendered":"Hochsauerlandkreis"},"content":{"rendered":"<p><a href=\"http:\/\/www.verkehrswendekonferenz.de\/wp-content\/uploads\/2016\/05\/hochsauerlandkreis.jpg\"><img loading=\"lazy\" decoding=\"async\" class=\"alignnone wp-image-419 size-full\" src=\"http:\/\/www.verkehrswendekonferenz.de\/wp-content\/uploads\/2016\/05\/hochsauerlandkreis.jpg\" alt=\"Bahnhof Bestwig.\" width=\"1920\" height=\"1280\" srcset=\"http:\/\/www.fahrscheinfrei.de\/wp-content\/uploads\/2016\/05\/hochsauerlandkreis.jpg 1920w, http:\/\/www.fahrscheinfrei.de\/wp-content\/uploads\/2016\/05\/hochsauerlandkreis-300x200.jpg 300w, http:\/\/www.fahrscheinfrei.de\/wp-content\/uploads\/2016\/05\/hochsauerlandkreis-768x512.jpg 768w, http:\/\/www.fahrscheinfrei.de\/wp-content\/uploads\/2016\/05\/hochsauerlandkreis-1024x683.jpg 1024w\" sizes=\"auto, (max-width: 1920px) 100vw, 1920px\" \/><\/a><\/p>\n<blockquote><p>Wer seine Pubert\u00e4t \u00fcberspringen m\u00f6chte, der sei einfach auf den l\u00e4ndlichen \u00d6PNV angewiesen, bis er sein Ziel erreicht und wieder zu Hause ist, hat die betreffende Person bereits die Vollj\u00e4hrigkeit erreicht.<\/p><\/blockquote>\n<p id=\"bZitat\">Sven Salewski, ehemaliger \u00d6PNV betroffener im Hochsauerlandkreis, Student.<\/p>\n<h2 id=\"bInitiative\">Piratenpartei Hochsauerlandkreis (HSK)<\/h2>\n<div id=\"bBewerbungstext\">Deutschland im Jahr 2016. Die ganze Welt ist vernetzt, jeder hat die M\u00f6glichkeit innerhalb k\u00fcrzester Zeit von A nach B zu kommen. Jeder? Nein! Wer im l\u00e4ndlichen Raum nicht \u00fcber ein eigenes Fahrzeug oder regelm\u00e4\u00dfigen Zugang dazu hat, steht schnell mal bl\u00f6d da. Da wird eine Fahrt zum Arzt schnell mal zum Tagesausflug, der zudem auch noch ganz ordentlich ins Geld gehen kann. W\u00e4hrend in St\u00e4dten ein Einkauf oder Arztbesuch oftmals auch zu Fu\u00df erledigt werden kann, m\u00fcssen daf\u00fcr auf dem Land oftmals 20 oder 30km zur\u00fcckgelegt werden.<br \/>\nNachdem die Piratenfraktion in Berlin schon eine Studie zum Fahrscheinlosen \u00d6PNV in einer Gro\u00dfstadt durchgef\u00fchrt hat, w\u00fcrden wir im HSK diese Studie gerne sozusagen als Gegenpol durchf\u00fchren lassen, um zu zeigen, dass solche Projekte nicht nur in Ballungsgebieten, sondern gerade im l\u00e4ndlichen Raum interessant und machbar sein k\u00f6nnen.<\/p>\n<\/div>\n<h2>Bus und Bahn im Hochsauerlandkreis<\/h2>\n<div id=\"bNahverkehr\">Der \u00d6PNV wird meist durch Sch\u00fcler und Sch\u00fclerinnen genutzt, um entweder zur Schule und zur\u00fcck, oder zu Freunden und Freizeitaktivit\u00e4ten zu kommen. F\u00fcr die meisten Erwachsenen ist der \u00d6PNV einfach zu unattraktiv, da er zu unflexibel und teuer ist. Pendler nutzen haupts\u00e4chlich die Bahn.<br \/>\nBusse und Z\u00fcge fahren meist im Stundentakt, in manchen D\u00f6rfern aber wesentlich seltener. In den meisten Gegenden fahren nachts so gut wie keine Busse. Am Wochenende werden auf einigen wenigen Strecken Nachtbusse eingesetzt, f\u00fcr die ein Zuschlag verlangt wird.<br \/>\nDie RLG bietet neben Einzeltickets auch diverse Abos an. Es gilt der Ruhr-Lippe-Tarif.<\/p>\n<\/div>\n","protected":false},"excerpt":{"rendered":"<p>Wer seine Pubert\u00e4t \u00fcberspringen m\u00f6chte, der sei einfach auf den l\u00e4ndlichen \u00d6PNV angewiesen, bis er sein Ziel erreicht und wieder zu Hause ist, hat die betreffende Person bereits die Vollj\u00e4hrigkeit erreicht. Sven Salewski, ehemaliger \u00d6PNV betroffener im Hochsauerlandkreis, Student. Piratenpartei Hochsauerlandkreis (HSK) Deutschland im Jahr 2016. Die ganze Welt ist vernetzt, jeder hat die M\u00f6glichkeit<\/p>\n<div class=\"moretag-wrap\"><a class=\"moretag btn btn-info\" href=\"http:\/\/www.fahrscheinfrei.de\/?page_id=436\">Weiterlesen<\/a><\/div>\n","protected":false},"author":3,"featured_media":0,"parent":0,"menu_order":0,"comment_status":"closed","ping_status":"closed","template":"","meta":{"footnotes":""},"class_list":["post-436","page","type-page","status-publish","hentry"],"_links":{"self":[{"href":"http:\/\/www.fahrscheinfrei.de\/index.php?rest_route=\/wp\/v2\/pages\/436","targetHints":{"allow":["GET"]}}],"collection":[{"href":"http:\/\/www.fahrscheinfrei.de\/index.php?rest_route=\/wp\/v2\/pages"}],"about":[{"href":"http:\/\/www.fahrscheinfrei.de\/index.php?rest_route=\/wp\/v2\/types\/page"}],"author":[{"embeddable":true,"href":"http:\/\/www.fahrscheinfrei.de\/index.php?rest_route=\/wp\/v2\/users\/3"}],"replies":[{"embeddable":true,"href":"http:\/\/www.fahrscheinfrei.de\/index.php?rest_route=%2Fwp%2Fv2%2Fcomments&post=436"}],"version-history":[{"count":3,"href":"http:\/\/www.fahrscheinfrei.de\/index.php?rest_route=\/wp\/v2\/pages\/436\/revisions"}],"predecessor-version":[{"id":456,"href":"http:\/\/www.fahrscheinfrei.de\/index.php?rest_route=\/wp\/v2\/pages\/436\/revisions\/456"}],"wp:attachment":[{"href":"http:\/\/www.fahrscheinfrei.de\/index.php?rest_route=%2Fwp%2Fv2%2Fmedia&parent=436"}],"curies":[{"name":"wp","href":"https:\/\/api.w.org\/{rel}","templated":true}]}}