{"id":434,"date":"2016-05-17T05:55:50","date_gmt":"2016-05-17T03:55:50","guid":{"rendered":"http:\/\/www.verkehrswendekonferenz.de\/?page_id=434"},"modified":"2016-05-17T06:39:02","modified_gmt":"2016-05-17T04:39:02","slug":"grevenbroich","status":"publish","type":"page","link":"http:\/\/www.fahrscheinfrei.de\/?page_id=434","title":{"rendered":"Schlaubus Grevenbroich"},"content":{"rendered":"<div id=\"attachment_418\" class=\"wp-caption alignnone\" style=\"width: 1500px\"><a href=\"http:\/\/www.verkehrswendekonferenz.de\/wp-content\/uploads\/2016\/05\/grevenbroich.jpg\"><img loading=\"lazy\" decoding=\"async\" class=\"wp-image-418 size-full\" src=\"http:\/\/www.verkehrswendekonferenz.de\/wp-content\/uploads\/2016\/05\/grevenbroich.jpg\" alt=\"Synagogenplatz in Grevenbroich\" width=\"1500\" height=\"843\" srcset=\"http:\/\/www.fahrscheinfrei.de\/wp-content\/uploads\/2016\/05\/grevenbroich.jpg 1500w, http:\/\/www.fahrscheinfrei.de\/wp-content\/uploads\/2016\/05\/grevenbroich-300x169.jpg 300w, http:\/\/www.fahrscheinfrei.de\/wp-content\/uploads\/2016\/05\/grevenbroich-768x432.jpg 768w, http:\/\/www.fahrscheinfrei.de\/wp-content\/uploads\/2016\/05\/grevenbroich-1024x575.jpg 1024w, http:\/\/www.fahrscheinfrei.de\/wp-content\/uploads\/2016\/05\/grevenbroich-470x265.jpg 470w, http:\/\/www.fahrscheinfrei.de\/wp-content\/uploads\/2016\/05\/grevenbroich-640x360.jpg 640w\" sizes=\"auto, (max-width: 1500px) 100vw, 1500px\" \/><\/a><p class=\"wp-caption-text\">Synagogenplatz in Grevenbroich: 14 Leerst\u00e4nde im Umkreis von 50 m \u2013 leblos, trostlos&#8230;<\/p><\/div>\n<blockquote><p>Wir wollen das Leben zur\u00fcck in die Stadt bringen \u2013 und der fahrscheinfreie Bus w\u00e4re hierf\u00fcr ein wichtiger Schritt!<\/p><\/blockquote>\n<p id=\"bZitat\">Carl Windler, Fraktionsvorsitzender der UWG, war einer der ersten Ratsherren, der mit dem Schlaubus eine Exkursion nach Hasselt gemacht hat. Nach Gespr\u00e4chen mit Rob Beenders (Verkehrschef von Hasselt) stand f\u00fcr ihn fest: &#8222;Das braucht Grevenbroich auch!&#8220;<\/p>\n<h2 id=\"bInitiative\">Schlaubus<\/h2>\n<p>Grevenbroich ist Nothaushaltskommune und steht vor gro\u00dfen Herausforderungen, das Stichwort lautet \u201eStrukturwandel\u201c. Mit dem absehbaren Ende der Braunkohle werden tausend Menschen keine ausreichende Zukunftsperspektive haben. Der demografische Wandel, ge\u00e4nderte Einkaufsgewohnheiten und fehlende Investitionen f\u00fchren bereits heute dazu, dass die Innenstadt \u00fcberdurchschnittlich viele Leerst\u00e4nde aufweist. Das Gastst\u00e4ttensterben hat einen H\u00f6hepunkt erreicht, Treffpunkte f\u00fcr Jung und Alt sucht man mit der Lupe. Als Schl\u00fcssel f\u00fcr mehr Lebensqualit\u00e4t in Grevenbroich sehen wir den fahrscheinfreien Bus, da herk\u00f6mmliche Methoden zur Belebung der Stadt seit Jahren nicht greifen. Durch die auff\u00e4lligen \u00c4hnlichkeiten zu Hasselt (Fl\u00e4che, Siedlungsstruktur, Einwohnerzahl) erwarten wir \u00e4hnlich positive Ergebnisse in jeder Hinsicht (Handel, Umweltschutz, soziale Kontakte).<\/p>\n<ul>\n<li><a href=\"http:\/\/www.schlaubus.de\">Schlaubus<\/a><\/li>\n<\/ul>\n<h2>Bus und Bahn in Grevenbroich<\/h2>\n<div id=\"bNahverkehr\">Der \u201eBahnverkehr Rheinland\u201c (BVR) bedient in Grevenbroich 4 Bus-Linien (Erft-Linie A, Erft-Linie B, Strom-Linie, City-Linie). Nach Angaben der Stadtverwaltung werden ca. 1,5 Mio. Fahrg\u00e4ste bef\u00f6rdert (davon sind allerdings ca. 50% Sch\u00fclerfahrten!). Insgesamt setzt der BVR dazu 12 eigene Busse ein. Es gelten die \u00fcblichen Tarife des VRR. T\u00e4glich pendeln ca. 10.000 Menschen aus GV hinaus und nach GV hinein, vorzugsweise mit dem PKW. Insgesamt sind in GV ca. 33.000 PKW zugelassen.<\/p>\n<\/div>\n","protected":false},"excerpt":{"rendered":"<p>Wir wollen das Leben zur\u00fcck in die Stadt bringen \u2013 und der fahrscheinfreie Bus w\u00e4re hierf\u00fcr ein wichtiger Schritt! Carl Windler, Fraktionsvorsitzender der UWG, war einer der ersten Ratsherren, der mit dem Schlaubus eine Exkursion nach Hasselt gemacht hat. Nach Gespr\u00e4chen mit Rob Beenders (Verkehrschef von Hasselt) stand f\u00fcr ihn fest: &#8222;Das braucht Grevenbroich auch!&#8220;<\/p>\n<div class=\"moretag-wrap\"><a class=\"moretag btn btn-info\" href=\"http:\/\/www.fahrscheinfrei.de\/?page_id=434\">Weiterlesen<\/a><\/div>\n","protected":false},"author":3,"featured_media":0,"parent":0,"menu_order":0,"comment_status":"closed","ping_status":"closed","template":"","meta":{"footnotes":""},"class_list":["post-434","page","type-page","status-publish","hentry"],"_links":{"self":[{"href":"http:\/\/www.fahrscheinfrei.de\/index.php?rest_route=\/wp\/v2\/pages\/434","targetHints":{"allow":["GET"]}}],"collection":[{"href":"http:\/\/www.fahrscheinfrei.de\/index.php?rest_route=\/wp\/v2\/pages"}],"about":[{"href":"http:\/\/www.fahrscheinfrei.de\/index.php?rest_route=\/wp\/v2\/types\/page"}],"author":[{"embeddable":true,"href":"http:\/\/www.fahrscheinfrei.de\/index.php?rest_route=\/wp\/v2\/users\/3"}],"replies":[{"embeddable":true,"href":"http:\/\/www.fahrscheinfrei.de\/index.php?rest_route=%2Fwp%2Fv2%2Fcomments&post=434"}],"version-history":[{"count":4,"href":"http:\/\/www.fahrscheinfrei.de\/index.php?rest_route=\/wp\/v2\/pages\/434\/revisions"}],"predecessor-version":[{"id":455,"href":"http:\/\/www.fahrscheinfrei.de\/index.php?rest_route=\/wp\/v2\/pages\/434\/revisions\/455"}],"wp:attachment":[{"href":"http:\/\/www.fahrscheinfrei.de\/index.php?rest_route=%2Fwp%2Fv2%2Fmedia&parent=434"}],"curies":[{"name":"wp","href":"https:\/\/api.w.org\/{rel}","templated":true}]}}

<div id="attachment_418" class="wp-caption alignnone" style="width: 1500px"><a href="http://www.verkehrswendekonferenz.de/wp-content/uploads/2016/05/grevenbroich.jpg"><img loading="lazy" decoding="async" class="wp-image-418 size-full" src="http://www.verkehrswendekonferenz.de/wp-content/uploads/2016/05/grevenbroich.jpg" alt="Synagogenplatz in Grevenbroich" width="1500" height="843" srcset="http://www.fahrscheinfrei.de/wp-content/uploads/2016/05/grevenbroich.jpg 1500w, http://www.fahrscheinfrei.de/wp-content/uploads/2016/05/grevenbroich-300x169.jpg 300w, http://www.fahrscheinfrei.de/wp-content/uploads/2016/05/grevenbroich-768x432.jpg 768w, http://www.fahrscheinfrei.de/wp-content/uploads/2016/05/grevenbroich-1024x575.jpg 1024w, http://www.fahrscheinfrei.de/wp-content/uploads/2016/05/grevenbroich-470x265.jpg 470w, http://www.fahrscheinfrei.de/wp-content/uploads/2016/05/grevenbroich-640x360.jpg 640w" sizes="auto, (max-width: 1500px) 100vw, 1500px" /></a><p class="wp-caption-text">Synagogenplatz in Grevenbroich: 14 Leerstände im Umkreis von 50 m – leblos, trostlos&#8230;</p></div>
<blockquote><p>Wir wollen das Leben zurück in die Stadt bringen – und der fahrscheinfreie Bus wäre hierfür ein wichtiger Schritt!</p></blockquote>
<p id="bZitat">Carl Windler, Fraktionsvorsitzender der UWG, war einer der ersten Ratsherren, der mit dem Schlaubus eine Exkursion nach Hasselt gemacht hat. Nach Gesprächen mit Rob Beenders (Verkehrschef von Hasselt) stand für ihn fest: &#8222;Das braucht Grevenbroich auch!&#8220;</p>
<h2 id="bInitiative">Schlaubus</h2>
<p>Grevenbroich ist Nothaushaltskommune und steht vor großen Herausforderungen, das Stichwort lautet „Strukturwandel“. Mit dem absehbaren Ende der Braunkohle werden tausend Menschen keine ausreichende Zukunftsperspektive haben. Der demografische Wandel, geänderte Einkaufsgewohnheiten und fehlende Investitionen führen bereits heute dazu, dass die Innenstadt überdurchschnittlich viele Leerstände aufweist. Das Gaststättensterben hat einen Höhepunkt erreicht, Treffpunkte für Jung und Alt sucht man mit der Lupe. Als Schlüssel für mehr Lebensqualität in Grevenbroich sehen wir den fahrscheinfreien Bus, da herkömmliche Methoden zur Belebung der Stadt seit Jahren nicht greifen. Durch die auffälligen Ähnlichkeiten zu Hasselt (Fläche, Siedlungsstruktur, Einwohnerzahl) erwarten wir ähnlich positive Ergebnisse in jeder Hinsicht (Handel, Umweltschutz, soziale Kontakte).</p>
<ul>
<li><a href="http://www.schlaubus.de">Schlaubus</a></li>
</ul>
<h2>Bus und Bahn in Grevenbroich</h2>
<div id="bNahverkehr">Der „Bahnverkehr Rheinland“ (BVR) bedient in Grevenbroich 4 Bus-Linien (Erft-Linie A, Erft-Linie B, Strom-Linie, City-Linie). Nach Angaben der Stadtverwaltung werden ca. 1,5 Mio. Fahrgäste befördert (davon sind allerdings ca. 50% Schülerfahrten!). Insgesamt setzt der BVR dazu 12 eigene Busse ein. Es gelten die üblichen Tarife des VRR. Täglich pendeln ca. 10.000 Menschen aus GV hinaus und nach GV hinein, vorzugsweise mit dem PKW. Insgesamt sind in GV ca. 33.000 PKW zugelassen.</p>
</div>

<p>Wir wollen das Leben zurück in die Stadt bringen – und der fahrscheinfreie Bus wäre hierfür ein wichtiger Schritt! Carl Windler, Fraktionsvorsitzender der UWG, war einer der ersten Ratsherren, der mit dem Schlaubus eine Exkursion nach Hasselt gemacht hat. Nach Gesprächen mit Rob Beenders (Verkehrschef von Hasselt) stand für ihn fest: &#8222;Das braucht Grevenbroich auch!&#8220;</p>
<div class="moretag-wrap"><a class="moretag btn btn-info" href="http://www.fahrscheinfrei.de/?page_id=434">Weiterlesen</a></div>
