{"id":385,"date":"2016-04-30T16:18:45","date_gmt":"2016-04-30T14:18:45","guid":{"rendered":"http:\/\/www.verkehrswendekonferenz.de\/?page_id=385"},"modified":"2016-05-31T04:10:12","modified_gmt":"2016-05-31T02:10:12","slug":"die-studie","status":"publish","type":"page","link":"http:\/\/www.fahrscheinfrei.de\/?page_id=385","title":{"rendered":"Die Studie"},"content":{"rendered":"<p><a href=\"http:\/\/www.verkehrswendekonferenz.de\/wp-content\/uploads\/2016\/05\/bus-und-bahn-fahrscheinfrei-studie-modellkommune.jpg\"><img loading=\"lazy\" decoding=\"async\" class=\"aligncenter wp-image-391 size-large\" src=\"http:\/\/www.verkehrswendekonferenz.de\/wp-content\/uploads\/2016\/05\/bus-und-bahn-fahrscheinfrei-studie-modellkommune-1024x576.jpg\" alt=\"bus-und-bahn-fahrscheinfrei-studie-modellkommune\" width=\"640\" height=\"360\" srcset=\"http:\/\/www.fahrscheinfrei.de\/wp-content\/uploads\/2016\/05\/bus-und-bahn-fahrscheinfrei-studie-modellkommune-1024x576.jpg 1024w, http:\/\/www.fahrscheinfrei.de\/wp-content\/uploads\/2016\/05\/bus-und-bahn-fahrscheinfrei-studie-modellkommune-300x169.jpg 300w, http:\/\/www.fahrscheinfrei.de\/wp-content\/uploads\/2016\/05\/bus-und-bahn-fahrscheinfrei-studie-modellkommune-768x432.jpg 768w, http:\/\/www.fahrscheinfrei.de\/wp-content\/uploads\/2016\/05\/bus-und-bahn-fahrscheinfrei-studie-modellkommune-470x265.jpg 470w, http:\/\/www.fahrscheinfrei.de\/wp-content\/uploads\/2016\/05\/bus-und-bahn-fahrscheinfrei-studie-modellkommune-640x360.jpg 640w, http:\/\/www.fahrscheinfrei.de\/wp-content\/uploads\/2016\/05\/bus-und-bahn-fahrscheinfrei-studie-modellkommune.jpg 1920w\" sizes=\"auto, (max-width: 640px) 100vw, 640px\" \/><\/a><br \/>\nDarum geht es: Wir wollen zeigen, dass Bus und Bahn #fahrscheinfrei machbar ist.<br \/>\n\u2026 und wie.<\/p>\n<h2>Wir suchen eine Modellkommune.<\/h2>\n<p><strong>Phase 1 \u2013 bis 31. Mai 2016<\/strong><br \/>\nDeshalb wollten\u00a0wir u.a.\u00a0eine Studie beauftragen, die zeigt, welche Umsetzungsschritte in einer Gemeinde ganz konkret notwendig sind, um dort einen Modellversuch Bus und Bahn #fahrscheinfrei zu starten. Wir m\u00f6chten damit auch zeigen, welche Rahmenbedingungen das Land NRW daf\u00fcr setzen muss. Seit unserer Auftaktveranstaltung am 12. M\u00e4rz in Essen lief\u00a0unsere Suche. Sieben Initiativen konnten wir im Mai 2016 vorstellen \u2013 in alphabetischer Reihenfolge unten aufgef\u00fchrt. Am 31. Mai 2016 wurde verk\u00fcndet, welche R\u00e4ume wir mit der Studie beleuchten wollen.<\/p>\n<h3><a href=\"http:\/\/www.verkehrswendekonferenz.de\/wp-content\/uploads\/2016\/05\/klein-bad-salzuflen.jpg\"><img loading=\"lazy\" decoding=\"async\" class=\"alignleft wp-image-410 size-thumbnail\" src=\"http:\/\/www.verkehrswendekonferenz.de\/wp-content\/uploads\/2016\/05\/klein-bad-salzuflen-150x150.jpg\" alt=\"klein-bad-salzuflen\" width=\"150\" height=\"150\" \/><\/a><a href=\"http:\/\/www.verkehrswendekonferenz.de\/?page_id=426\">Bad Salzuflen, Fraktion DIE PIRATEN<\/a><\/h3>\n<p><em>100,1 km\u00b2, 53.947 Einwohner, 12 Fahrzeuge<\/em><\/p>\n<p>Vier Stadtbuslinien und andere gute Voraussetzungen versprechen eine einfache Umsetzung. [<a href=\"http:\/\/www.verkehrswendekonferenz.de\/?page_id=426\">mehr<\/a>]<\/p>\n<h3><a href=\"http:\/\/www.verkehrswendekonferenz.de\/wp-content\/uploads\/2016\/05\/klein-grevenbroich.jpg\"><img loading=\"lazy\" decoding=\"async\" width=\"150\" height=\"150\" class=\"size-thumbnail wp-image-411 alignleft\" src=\"http:\/\/www.verkehrswendekonferenz.de\/wp-content\/uploads\/2016\/05\/klein-grevenbroich-150x150.jpg\" alt=\"klein-grevenbroich\" \/><\/a><a href=\"http:\/\/www.verkehrswendekonferenz.de\/?page_id=434\">Schlaubus Grevenbroich<\/a><\/h3>\n<p><em>102,6 km\u00b2, 63.891 Einwohner, 12 eigene Fahrzeuge<\/em><\/p>\n<p>Ende der Braunkohle, trostlose City. Schlaubus m\u00f6chte das Leben zur\u00fcck in die Stadt bringen. [<a href=\"http:\/\/www.verkehrswendekonferenz.de\/?page_id=434\">mehr<\/a>]<\/p>\n<h3><a href=\"http:\/\/www.verkehrswendekonferenz.de\/wp-content\/uploads\/2016\/05\/klein-hochsauerlandkreis.jpg\"><img loading=\"lazy\" decoding=\"async\" class=\"alignleft wp-image-412 size-thumbnail\" src=\"http:\/\/www.verkehrswendekonferenz.de\/wp-content\/uploads\/2016\/05\/klein-hochsauerlandkreis-150x150.jpg\" width=\"150\" height=\"150\" \/><\/a><a href=\"http:\/\/www.verkehrswendekonferenz.de\/?page_id=436\">Hochsauerlandkreis, Piratenpartei<\/a><\/h3>\n<p><em>1.960,17 km\u00b2, 268.851 Einwohner, 219 Fahrzeuge (RLG)<\/em><\/p>\n<p>Gerade im l\u00e4ndlichen Raum wird ein moderner \u00d6PNV gebraucht \u2013 und eine entsprechende Studie. [<a href=\"http:\/\/www.verkehrswendekonferenz.de\/?page_id=436\">mehr<\/a>]<\/p>\n<h3><a href=\"http:\/\/www.verkehrswendekonferenz.de\/wp-content\/uploads\/2016\/05\/klein-muenster.jpg\"><img loading=\"lazy\" decoding=\"async\" width=\"150\" height=\"150\" class=\"size-thumbnail wp-image-413 alignleft\" src=\"http:\/\/www.verkehrswendekonferenz.de\/wp-content\/uploads\/2016\/05\/klein-muenster-150x150.jpg\" alt=\"klein-muenster\" \/><\/a><a href=\"http:\/\/www.verkehrswendekonferenz.de\/?page_id=440\">M\u00fcnster: #Fahrscheinfrei durch die Leezenstadt<\/a><\/h3>\n<p><em>303,28 km\u00b2, 296.599 Einwohner, 180 Fahrzeuge<\/em><\/p>\n<p>M\u00fcnster muss und kann seine Titel als \u201eLebenswerteste Stadt\u201c und Klimahauptstadt verteidigen. [<a href=\"http:\/\/www.verkehrswendekonferenz.de\/?page_id=440\">mehr<\/a>]<\/p>\n<h3><a href=\"http:\/\/www.verkehrswendekonferenz.de\/wp-content\/uploads\/2016\/05\/klein-recklinghausen.jpg\"><img loading=\"lazy\" decoding=\"async\" width=\"150\" height=\"150\" class=\"alignleft size-thumbnail wp-image-414\" src=\"http:\/\/www.verkehrswendekonferenz.de\/wp-content\/uploads\/2016\/05\/klein-recklinghausen-150x150.jpg\" alt=\"klein-recklinghausen\" \/><\/a><a href=\"http:\/\/www.verkehrswendekonferenz.de\/?page_id=445\">Kreis Recklinghausen: Vest Fahrscheinfrei<\/a><\/h3>\n<p><em>760,45 km\u00b2, 613.092 Einwohner, 231 Fahrzeuge (Vestische)<\/em><\/p>\n<p>Der Kreis bietet als Experimentierfeld l\u00e4ndlichen Regionen und st\u00e4dtische Ballungsr\u00e4ume in allen Facetten. [<a href=\"http:\/\/www.verkehrswendekonferenz.de\/?page_id=445\">mehr<\/a>]<\/p>\n<h3><a href=\"http:\/\/www.verkehrswendekonferenz.de\/wp-content\/uploads\/2016\/05\/klein-rhein-sieg.jpg\"><img loading=\"lazy\" decoding=\"async\" width=\"150\" height=\"150\" class=\"size-thumbnail wp-image-415 alignleft\" src=\"http:\/\/www.verkehrswendekonferenz.de\/wp-content\/uploads\/2016\/05\/klein-rhein-sieg-150x150.jpg\" alt=\"klein-rhein-sieg\" \/><\/a><a href=\"http:\/\/www.verkehrswendekonferenz.de\/?page_id=449\">Rhein-Sieg #fahrscheinfrei (Rhein-Sieg-Kreis)<\/a><\/h3>\n<p><em>1.153,2 km\u00b2, 585.781 Einwohner, &gt;300 Fahrzeuge (RSVG)<\/em><\/p>\n<p>Interessante Nah- und Fernpendlerzone zu Bonn und K\u00f6ln mit ebenfalls st\u00e4dtischen und l\u00e4ndlichen R\u00e4umen. [<a href=\"http:\/\/www.verkehrswendekonferenz.de\/?page_id=449\">mehr<\/a>]<\/p>\n<h3><a href=\"http:\/\/www.verkehrswendekonferenz.de\/wp-content\/uploads\/2016\/05\/klein-wuppertal.jpg\"><img loading=\"lazy\" decoding=\"async\" width=\"150\" height=\"150\" class=\"alignleft size-thumbnail wp-image-416\" src=\"http:\/\/www.verkehrswendekonferenz.de\/wp-content\/uploads\/2016\/05\/klein-wuppertal-150x150.jpg\" alt=\"klein-wuppertal\" \/><\/a><a href=\"http:\/\/www.verkehrswendekonferenz.de\/?page_id=457\">B\u00fcrgerticket Initiative Wuppertal<\/a><\/h3>\n<p><em>168,4 km\u00b2, 342.885 Einwohner, 317 Fahrzeuge<\/em><\/p>\n<p>Wuppertal ist das Verkehrslabor NRWs. Neben Schwebe- und Seilbahn diskutiert man auch das B\u00fcrgerticket. [<a href=\"http:\/\/www.verkehrswendekonferenz.de\/?page_id=457\">mehr<\/a>]<\/p>\n<p>&nbsp;<\/p>\n<p><strong>Das sind die urspr\u00fcngichen Bewerbenden <\/strong>(in alphabeteischer Rheinenfolge):<\/p>\n<ul>\n<li>Bad Salzuflen, Fraktion DIE PIRATEN<\/li>\n<li>Schlaubus Grevenbroich<\/li>\n<li>Hochsauerlandkreis, Piratenpartei<\/li>\n<li>#Fahrscheinfrei durch die Leezenstadt (M\u00fcnster)<\/li>\n<li>Vest Fahrscheinfrei (Kreis Recklinghausen)<\/li>\n<li>Rhein-Sieg #fahrscheinfrei (Rhein-Sieg-Kreis)<\/li>\n<li>Steinfurt<\/li>\n<li>Witten<\/li>\n<li>B\u00fcrgerticket Initative Wuppertal<\/li>\n<\/ul>\n<p><strong>Dar\u00fcber hinaus gibt es Initiativen und politische Aktivit\u00e4ten zum Thema #fahrscheinfrei in NRW in<\/strong><\/p>\n<ul>\n<li><strong>Bonn<\/strong> (B\u00fcrgerticket-Initiative)<\/li>\n<li><strong>K\u00f6ln<\/strong> (Stadtrat hat auf Antrag der Piraten beschlossen, &#8222;<a href=\"http:\/\/www.ksta.de\/koeln\/kvb-buergerticket-piraten-und-linke-wollen-einen-komplett-fahrscheinlosen-nahverkehr-23757766\">einen fahrscheinlosen Tag f\u00fcr K\u00f6ln einzuf\u00fchren<\/a>&#8222;.)<\/li>\n<li><strong>Bielefeld<\/strong> (<a href=\"http:\/\/www.piraten-bielefeld.de\/wp-content\/uploads\/2015\/02\/Paprika_Koala_2015_Print.pdf\">Koalitionsvertrag <\/a>der Paprika-Koalition, Seite 16)<\/li>\n<\/ul>\n","protected":false},"excerpt":{"rendered":"<p>Darum geht es: Wir wollen zeigen, dass Bus und Bahn #fahrscheinfrei machbar ist. \u2026 und wie. Wir suchen eine Modellkommune. Phase 1 \u2013 bis 31. Mai 2016 Deshalb wollten\u00a0wir u.a.\u00a0eine Studie beauftragen, die zeigt, welche Umsetzungsschritte in einer Gemeinde ganz konkret notwendig sind, um dort einen Modellversuch Bus und Bahn #fahrscheinfrei zu starten. Wir m\u00f6chten<\/p>\n<div class=\"moretag-wrap\"><a class=\"moretag btn btn-info\" href=\"http:\/\/www.fahrscheinfrei.de\/?page_id=385\">Weiterlesen<\/a><\/div>\n","protected":false},"author":3,"featured_media":0,"parent":0,"menu_order":0,"comment_status":"closed","ping_status":"closed","template":"","meta":{"footnotes":""},"class_list":["post-385","page","type-page","status-publish","hentry"],"_links":{"self":[{"href":"http:\/\/www.fahrscheinfrei.de\/index.php?rest_route=\/wp\/v2\/pages\/385","targetHints":{"allow":["GET"]}}],"collection":[{"href":"http:\/\/www.fahrscheinfrei.de\/index.php?rest_route=\/wp\/v2\/pages"}],"about":[{"href":"http:\/\/www.fahrscheinfrei.de\/index.php?rest_route=\/wp\/v2\/types\/page"}],"author":[{"embeddable":true,"href":"http:\/\/www.fahrscheinfrei.de\/index.php?rest_route=\/wp\/v2\/users\/3"}],"replies":[{"embeddable":true,"href":"http:\/\/www.fahrscheinfrei.de\/index.php?rest_route=%2Fwp%2Fv2%2Fcomments&post=385"}],"version-history":[{"count":12,"href":"http:\/\/www.fahrscheinfrei.de\/index.php?rest_route=\/wp\/v2\/pages\/385\/revisions"}],"predecessor-version":[{"id":471,"href":"http:\/\/www.fahrscheinfrei.de\/index.php?rest_route=\/wp\/v2\/pages\/385\/revisions\/471"}],"wp:attachment":[{"href":"http:\/\/www.fahrscheinfrei.de\/index.php?rest_route=%2Fwp%2Fv2%2Fmedia&parent=385"}],"curies":[{"name":"wp","href":"https:\/\/api.w.org\/{rel}","templated":true}]}}

<p><a href="http://www.verkehrswendekonferenz.de/wp-content/uploads/2016/05/bus-und-bahn-fahrscheinfrei-studie-modellkommune.jpg"><img loading="lazy" decoding="async" class="aligncenter wp-image-391 size-large" src="http://www.verkehrswendekonferenz.de/wp-content/uploads/2016/05/bus-und-bahn-fahrscheinfrei-studie-modellkommune-1024x576.jpg" alt="bus-und-bahn-fahrscheinfrei-studie-modellkommune" width="640" height="360" srcset="http://www.fahrscheinfrei.de/wp-content/uploads/2016/05/bus-und-bahn-fahrscheinfrei-studie-modellkommune-1024x576.jpg 1024w, http://www.fahrscheinfrei.de/wp-content/uploads/2016/05/bus-und-bahn-fahrscheinfrei-studie-modellkommune-300x169.jpg 300w, http://www.fahrscheinfrei.de/wp-content/uploads/2016/05/bus-und-bahn-fahrscheinfrei-studie-modellkommune-768x432.jpg 768w, http://www.fahrscheinfrei.de/wp-content/uploads/2016/05/bus-und-bahn-fahrscheinfrei-studie-modellkommune-470x265.jpg 470w, http://www.fahrscheinfrei.de/wp-content/uploads/2016/05/bus-und-bahn-fahrscheinfrei-studie-modellkommune-640x360.jpg 640w, http://www.fahrscheinfrei.de/wp-content/uploads/2016/05/bus-und-bahn-fahrscheinfrei-studie-modellkommune.jpg 1920w" sizes="auto, (max-width: 640px) 100vw, 640px" /></a><br />
Darum geht es: Wir wollen zeigen, dass Bus und Bahn #fahrscheinfrei machbar ist.<br />
… und wie.</p>
<h2>Wir suchen eine Modellkommune.</h2>
<p><strong>Phase 1 – bis 31. Mai 2016</strong><br />
Deshalb wollten wir u.a. eine Studie beauftragen, die zeigt, welche Umsetzungsschritte in einer Gemeinde ganz konkret notwendig sind, um dort einen Modellversuch Bus und Bahn #fahrscheinfrei zu starten. Wir möchten damit auch zeigen, welche Rahmenbedingungen das Land NRW dafür setzen muss. Seit unserer Auftaktveranstaltung am 12. März in Essen lief unsere Suche. Sieben Initiativen konnten wir im Mai 2016 vorstellen – in alphabetischer Reihenfolge unten aufgeführt. Am 31. Mai 2016 wurde verkündet, welche Räume wir mit der Studie beleuchten wollen.</p>
<h3><a href="http://www.verkehrswendekonferenz.de/wp-content/uploads/2016/05/klein-bad-salzuflen.jpg"><img loading="lazy" decoding="async" class="alignleft wp-image-410 size-thumbnail" src="http://www.verkehrswendekonferenz.de/wp-content/uploads/2016/05/klein-bad-salzuflen-150x150.jpg" alt="klein-bad-salzuflen" width="150" height="150" /></a><a href="http://www.verkehrswendekonferenz.de/?page_id=426">Bad Salzuflen, Fraktion DIE PIRATEN</a></h3>
<p><em>100,1 km², 53.947 Einwohner, 12 Fahrzeuge</em></p>
<p>Vier Stadtbuslinien und andere gute Voraussetzungen versprechen eine einfache Umsetzung. [<a href="http://www.verkehrswendekonferenz.de/?page_id=426">mehr</a>]</p>
<h3><a href="http://www.verkehrswendekonferenz.de/wp-content/uploads/2016/05/klein-grevenbroich.jpg"><img loading="lazy" decoding="async" width="150" height="150" class="size-thumbnail wp-image-411 alignleft" src="http://www.verkehrswendekonferenz.de/wp-content/uploads/2016/05/klein-grevenbroich-150x150.jpg" alt="klein-grevenbroich" /></a><a href="http://www.verkehrswendekonferenz.de/?page_id=434">Schlaubus Grevenbroich</a></h3>
<p><em>102,6 km², 63.891 Einwohner, 12 eigene Fahrzeuge</em></p>
<p>Ende der Braunkohle, trostlose City. Schlaubus möchte das Leben zurück in die Stadt bringen. [<a href="http://www.verkehrswendekonferenz.de/?page_id=434">mehr</a>]</p>
<h3><a href="http://www.verkehrswendekonferenz.de/wp-content/uploads/2016/05/klein-hochsauerlandkreis.jpg"><img loading="lazy" decoding="async" class="alignleft wp-image-412 size-thumbnail" src="http://www.verkehrswendekonferenz.de/wp-content/uploads/2016/05/klein-hochsauerlandkreis-150x150.jpg" width="150" height="150" /></a><a href="http://www.verkehrswendekonferenz.de/?page_id=436">Hochsauerlandkreis, Piratenpartei</a></h3>
<p><em>1.960,17 km², 268.851 Einwohner, 219 Fahrzeuge (RLG)</em></p>
<p>Gerade im ländlichen Raum wird ein moderner ÖPNV gebraucht – und eine entsprechende Studie. [<a href="http://www.verkehrswendekonferenz.de/?page_id=436">mehr</a>]</p>
<h3><a href="http://www.verkehrswendekonferenz.de/wp-content/uploads/2016/05/klein-muenster.jpg"><img loading="lazy" decoding="async" width="150" height="150" class="size-thumbnail wp-image-413 alignleft" src="http://www.verkehrswendekonferenz.de/wp-content/uploads/2016/05/klein-muenster-150x150.jpg" alt="klein-muenster" /></a><a href="http://www.verkehrswendekonferenz.de/?page_id=440">Münster: #Fahrscheinfrei durch die Leezenstadt</a></h3>
<p><em>303,28 km², 296.599 Einwohner, 180 Fahrzeuge</em></p>
<p>Münster muss und kann seine Titel als „Lebenswerteste Stadt“ und Klimahauptstadt verteidigen. [<a href="http://www.verkehrswendekonferenz.de/?page_id=440">mehr</a>]</p>
<h3><a href="http://www.verkehrswendekonferenz.de/wp-content/uploads/2016/05/klein-recklinghausen.jpg"><img loading="lazy" decoding="async" width="150" height="150" class="alignleft size-thumbnail wp-image-414" src="http://www.verkehrswendekonferenz.de/wp-content/uploads/2016/05/klein-recklinghausen-150x150.jpg" alt="klein-recklinghausen" /></a><a href="http://www.verkehrswendekonferenz.de/?page_id=445">Kreis Recklinghausen: Vest Fahrscheinfrei</a></h3>
<p><em>760,45 km², 613.092 Einwohner, 231 Fahrzeuge (Vestische)</em></p>
<p>Der Kreis bietet als Experimentierfeld ländlichen Regionen und städtische Ballungsräume in allen Facetten. [<a href="http://www.verkehrswendekonferenz.de/?page_id=445">mehr</a>]</p>
<h3><a href="http://www.verkehrswendekonferenz.de/wp-content/uploads/2016/05/klein-rhein-sieg.jpg"><img loading="lazy" decoding="async" width="150" height="150" class="size-thumbnail wp-image-415 alignleft" src="http://www.verkehrswendekonferenz.de/wp-content/uploads/2016/05/klein-rhein-sieg-150x150.jpg" alt="klein-rhein-sieg" /></a><a href="http://www.verkehrswendekonferenz.de/?page_id=449">Rhein-Sieg #fahrscheinfrei (Rhein-Sieg-Kreis)</a></h3>
<p><em>1.153,2 km², 585.781 Einwohner, &gt;300 Fahrzeuge (RSVG)</em></p>
<p>Interessante Nah- und Fernpendlerzone zu Bonn und Köln mit ebenfalls städtischen und ländlichen Räumen. [<a href="http://www.verkehrswendekonferenz.de/?page_id=449">mehr</a>]</p>
<h3><a href="http://www.verkehrswendekonferenz.de/wp-content/uploads/2016/05/klein-wuppertal.jpg"><img loading="lazy" decoding="async" width="150" height="150" class="alignleft size-thumbnail wp-image-416" src="http://www.verkehrswendekonferenz.de/wp-content/uploads/2016/05/klein-wuppertal-150x150.jpg" alt="klein-wuppertal" /></a><a href="http://www.verkehrswendekonferenz.de/?page_id=457">Bürgerticket Initiative Wuppertal</a></h3>
<p><em>168,4 km², 342.885 Einwohner, 317 Fahrzeuge</em></p>
<p>Wuppertal ist das Verkehrslabor NRWs. Neben Schwebe- und Seilbahn diskutiert man auch das Bürgerticket. [<a href="http://www.verkehrswendekonferenz.de/?page_id=457">mehr</a>]</p>
<p>&nbsp;</p>
<p><strong>Das sind die ursprüngichen Bewerbenden </strong>(in alphabeteischer Rheinenfolge):</p>
<ul>
<li>Bad Salzuflen, Fraktion DIE PIRATEN</li>
<li>Schlaubus Grevenbroich</li>
<li>Hochsauerlandkreis, Piratenpartei</li>
<li>#Fahrscheinfrei durch die Leezenstadt (Münster)</li>
<li>Vest Fahrscheinfrei (Kreis Recklinghausen)</li>
<li>Rhein-Sieg #fahrscheinfrei (Rhein-Sieg-Kreis)</li>
<li>Steinfurt</li>
<li>Witten</li>
<li>Bürgerticket Initative Wuppertal</li>
</ul>
<p><strong>Darüber hinaus gibt es Initiativen und politische Aktivitäten zum Thema #fahrscheinfrei in NRW in</strong></p>
<ul>
<li><strong>Bonn</strong> (Bürgerticket-Initiative)</li>
<li><strong>Köln</strong> (Stadtrat hat auf Antrag der Piraten beschlossen, &#8222;<a href="http://www.ksta.de/koeln/kvb-buergerticket-piraten-und-linke-wollen-einen-komplett-fahrscheinlosen-nahverkehr-23757766">einen fahrscheinlosen Tag für Köln einzuführen</a>&#8222;.)</li>
<li><strong>Bielefeld</strong> (<a href="http://www.piraten-bielefeld.de/wp-content/uploads/2015/02/Paprika_Koala_2015_Print.pdf">Koalitionsvertrag </a>der Paprika-Koalition, Seite 16)</li>
</ul>

<p>Darum geht es: Wir wollen zeigen, dass Bus und Bahn #fahrscheinfrei machbar ist. … und wie. Wir suchen eine Modellkommune. Phase 1 – bis 31. Mai 2016 Deshalb wollten wir u.a. eine Studie beauftragen, die zeigt, welche Umsetzungsschritte in einer Gemeinde ganz konkret notwendig sind, um dort einen Modellversuch Bus und Bahn #fahrscheinfrei zu starten. Wir möchten</p>
<div class="moretag-wrap"><a class="moretag btn btn-info" href="http://www.fahrscheinfrei.de/?page_id=385">Weiterlesen</a></div>
